 -2*n. Let u(m) = -d*m + 7*m - 2*m. Calculate u(2).
6
Let x(s) be the second derivative of s**5/10 + 5*s**4/12 + s**3/2 - s**2/2 + 100*s. What is x(-4)?
-61
Suppose 0 = 3*h - h - 6. Let d(f) = -1 - 1 - f - f**2 + f**h + 13. Let i = -1361 + 1361. What is d(i)?
11
Let c(j) = -5*j + 7. Let t be (-12)/2 + -55 + 65. What is c(t)?
-13
Suppose 0 = -222*g + 212*g - 10. Let w(n) = -52*n**3 - 2*n**2 - 2*n - 1. Calculate w(g).
51
Let z(q) = -q**3 + 6*q**2 + 3*q + 2. Suppose -6*h + 19*h = 91. Determine z(h).
-26
Let g(z) = z**2 + 7*z - 25. Let k be g(-9). Let l be k - (-2)/3*3. Let d(m) = m + 3. Give d(l).
-2
Let c(r) = r - 3. Let o be c(5). Let v be (-1*o/2)/(-1). Let i(t) be the second derivative of -t**4/3 - t**3/6 - 6*t. What is i(v)?
-5
Let q(s) = s + 2. Let n = 12 + -6. Let x(r) = -3*r**2 + 8*r + 9. Let v(p) = 7*p**2 - 17*p - 19. Let t(m) = -2*v(m) - 5*x(m). Let a be t(n). Give q(a).
-5
Suppose -23 = -4*p + 5*z, -2*p + z + 1 = -3*p. Let h be (p/(-6))/((-10)/(-120)). Let j(k) be the third derivative of -k**4/12 - k**3 + k**2. What is j(h)?
2
Let d(n) be the first derivative of n**4/4 + 11*n**3/3 + 11*n**2/2 + 10*n - 134. Give d(-10).
0
Let c be 8/10*(-10)/(-4). Let k be 0 + (-2 - -3) + c. Let q(a) = 1 + 1259*a**3 - 1260*a**3 - 2*a + 2*a**2 + 2*a**2. Give q(k).
4
Suppose -2*a = -5*z + 6, 5*z + 0*z = -3*a + 16. Let s(r) = -3 - 4*r + r + 8*r. Calculate s(z).
7
Let f be 4/(-14) - (-779)/(-287). Let m(y) = -9*y - 3. Give m(f).
24
Let c(y) = y - 9. Suppose 0 = -2*o + 6, -3*o + 5 = -5*v + 2*o. Suppose -v*a - 2*a = 0. Calculate c(a).
-9
Let k(w) be the first derivative of 5/2*w**2 - 35 - 3*w + 1/3*w**3. Give k(-6).
3
Let v(g) = 3*g**2 - 6*g + 2. Let h be v(2). Let z(a) = 16 + 4*a + h*a**2 - 53 + 18 + 20. What is z(-3)?
7
Let i(p) = -p**2 + 8*p + 4. Let w = 36 + -29. Suppose -w*j + 8*j - 5 = 0. Suppose -j*k + 19 = -11. Determine i(k).
16
Let x(j) = 3*j**3 - 7*j**2 - 10*j - 7. Let f(z) = -2*z**3 + 5*z**2 + 7*z + 5. Let a(q) = 8*f(q) + 5*x(q). Determine a(6).
5
Let r(u) = -u**2 + 9*u + 9. Let l(d) = 2*d**2 - 11*d - 11. Let m(g) = 3*l(g) + 4*r(g). Calculate m(-2).
5
Let d(v) = 3*v + 3. Let u be (5/(-25))/(1/(-10)). Suppose -u = y + 2. Give d(y).
-9
Let p(f) = -f**2 + 7*f - 4. Let k = 6 - 30. Let z = k + 31. Determine p(z).
-4
Let p be 1/((-3)/6) - -1. Let a(c) = 11*c - 3. Let f(k) = -5*k + 2. Let z(o) = 5*o - 2. Let j(s) = 5*f(s) + 4*z(s). Let b(d) = 3*a(d) + 5*j(d). Give b(p).
-7
Let w(k) = -5*k + 7 - 37 + 14 + 15. Suppose -2 = j - 1. Let y = j - -2. Calculate w(y).
-6
Suppose n = g + 3 - 1, -5*n + 4 = -4*g. Let q(y) be the second derivative of -4*y**2 + 0 + 4*y - 1/6*y**3. Give q(g).
-2
Let y(b) = 18*b + 1 - 19*b - 9*b. What is y(1)?
-9
Let l(r) = 2*r**2 + 4*r. Let q be l(-3). Let k(w) be the second derivative of w**3/6 - 2*w**2 + 3*w + 25. What is k(q)?
2
Let k(w) = -3*w**2 + 3*w - 1. Let x be -8 + 3*(-12)/(-9). Let g be (-14)/(-8) + x/(-16). Determine k(g).
-7
Let k(v) be the second derivative of v**4/12 - 7*v**3/6 - v**2 + 2*v + 118. Calculate k(7).
-2
Let n(g) = g. Let d be n(2). Let a(i) = 2*i**3 + 3*i**2 - 2. Let h(l) = 6*l**3 + 9*l**2 - 6. Let v(k) = d*h(k) - 7*a(k). Calculate v(-2).
6
Let v(t) be the third derivative of t**4/24 + 2*t**3/3 - t**2 - 1. What is v(-6)?
-2
Let x(o) = 119*o + 2145. Let k be x(-18). Let u(d) be the second derivative of -d**4/4 - d**3/6 - 3*d**2/2 - d. Give u(k).
-33
Let m(l) = 10*l - 1. Let v = 1128 + -1127. Calculate m(v).
9
Let o(s) = s + 7. Let i be 1083/33 - (-1)/(-11)*-2. Let f(k) = 9*k + 57. Let h(c) = i*o(c) - 4*f(c). Give h(2).
-3
Let c(l) = 4*l**3 + 3*l**2 - 1. Suppose 231*m - 241*m + 20 = 0. What is c(m)?
43
Let w(o) = 24*o**2 + 17*o - 13. Let k(r) = 16*r**2 + 11*r - 8. Let j(v) = -8*k(v) + 5*w(v). Calculate j(-2).
-27
Let q(d) = d**2 + 4*d + 4. Let y(s) = -s**3 - 3*s**2 + 19*s + 1. Let o be y(-6). What is q(o)?
9
Let i(m) be the first derivative of -m**3/3 + 5*m**2/2 - 7*m - 15. Give i(5).
-7
Suppose -49*z + 60*z - 55 = 0. Let q(l) = l - 3. Determine q(z).
2
Let g(u) = -7*u**2 - 22*u + 23. Let i be g(1). Let t(v) = v**2 + 8*v + 6. Give t(i).
-6
Let f(d) be the second derivative of -1/60*d**5 + 0 - 2/3*d**3 - 8*d + 7/24*d**4 - 1/2*d**2. Let a(g) be the first derivative of f(g). Calculate a(5).
6
Let g(y) be the second derivative of -5*y**4/12 - 83*y. Give g(-1).
-5
Let s(n) = -2*n**2 + n. Suppose -6 = -2*w + 2*o + 8, 37 = 5*w - 4*o. Let i = -11 + w. What is s(i)?
-10
Let c(s) = -s - 7. Suppose -36 + 16 = 4*m. Let j be c(m). Let o(k) = 2*k**2 - 2*k - 2. Calculate o(j).
10
Let d(s) = 17 + s - 16 + 5 + 4. What is d(-5)?
5
Let j(x) = -x**3 + 7*x**2 + 7*x + 11. Let u(d) = 2*d + 18. Let q(o) = -2*o - 19. Let l(i) = -6*q(i) - 5*u(i). Let z be l(-8). Calculate j(z).
3
Let n(a) = 13*a + 5. Let u(w) = 60*w - 1496. Let z be u(25). Calculate n(z).
57
Suppose -522*s + 78 = -509*s. Suppose -2*k + 0*k + 1 = -j, 2*j + 2*k = 28. Let f(q) = 5*q**3 - j*q + 3*q**2 + 9 + 4*q**2 - 6*q**3. What is f(s)?
-9
Let w(i) be the second derivative of 0 + 5/12*i**4 + 0*i**3 + 8*i + 1/2*i**2. What is w(-1)?
6
Let x(r) = r + 5. Let h be x(-2). Suppose h*g - 30 = 5*t - 0*g, 2*t - 2*g = -16. Let i(m) = m + 1. Let y(p) = 2*p. Let q(n) = 3*i(n) - y(n). Give q(t).
0
Let x = -20 - -32. Let p(z) = 1 - 2 - 3*z - x*z**3 + 14*z**3 + z. What is p(-1)?
-1
Let f(o) = 0 - 1 + 149*o**2 - 150*o**2. Let a(j) = -j**2 - 5*j + 4. Let b be a(-5). Let x be -2*(-1)/(b/(-6)). Calculate f(x).
-10
Let k = 23 - 25. Let p be (-2)/((-1)/(-6)*k). Suppose -2*h - 9 = -3*o, -3*h + p = 2*o - 0*h. Let i(n) = -n + 1. What is i(o)?
-2
Let l(d) = -d**2 + 7*d - 5. Let n(g) be the third derivative of g**3/6 - 21*g**2. Let t(k) = -l(k) - 6*n(k). What is t(7)?
-1
Suppose -148 = -37*x - 0*x. Suppose 7 = o - 2. Suppose -x*d + o*d = -20. Let w(b) = b**2 + 5*b + 4. Calculate w(d).
0
Let w be (-3)/(-7)*140/20. Let x(y) = -y + 5. Let u be x(w). Suppose -9 = -m - p, 3*p + u*p - 21 = -2*m. Let o(h) = h**3 - 8*h**2 - 8. What is o(m)?
-8
Suppose 5*k - 3 = 32. Let l = k - 5. Let r(x) = -x**3 + 2*x**2 + x + 1. Let c be r(l). Let v(w) = w**3 - 3*w**2 - 2*w + 2. Calculate v(c).
-4
Let r(f) = -f**2 - 8*f + 1. Let x be r(-7). Let n(b) = -b**3 + 8*b**2 + b - 8. Determine n(x).
0
Let a(s) = 4 - 13 + 6 + 4 + 9 + s. Calculate a(-4).
6
Let p(r) = 8*r - 1. Suppose 0 = 5*l - 2*j + 24, -12 = 3*l - 2*l - 4*j. Let y(c) = -4*c. Let g(h) = l*p(h) - 9*y(h). Calculate g(-6).
-20
Suppose 6*d - d - 20 = 0, -5*h = -5*d + 60. Let t = h - -10. Let w(b) = t*b + 4*b**2 + 2 - 4 - 10*b**2 + 4*b**2. What is w(2)?
-6
Let k = 21 + -18. Let d(t) = -t**3 + 3*t**2 + 4*t + 1. What is d(k)?
13
Let d(v) = -1 + 1 - 21*v - 17*v + 6 + 37*v. Give d(-3).
9
Let v(o) be the third derivative of o**5/60 - 7*o**4/24 + 5*o**3/3 - 56*o**2 + 2. Calculate v(7).
10
Let p(s) be the second derivative of -5/6*s**3 - 12*s + 0 + 1/2*s**2. What is p(2)?
-9
Suppose 3*j + 1 = 2*t, 2*j - 3*t = -3*j. Let g(h) = 1 - 5 + j*h + 6. Give g(-3).
-7
Let u be 6/(-3 + 1) + 15. Let d(y) = -y + 14. Let h be d(u). Suppose -h - 8 = -2*f. Let t(i) = -i**3 + 6*i**2 - 5*i - 3. Give t(f).
-3
Let p(g) = 8*g**3 + g**2 - g. Let j(o) = 4*o - 4. Let v be j(5). Let z = -27 + v. Let k = -10 - z. Calculate p(k).
8
Let f(u) = 2*u**2 - 9*u + 3. Let b be f(6). Let r(w) = w**3 - 22*w**2 + 22*w - 25. Let h be r(b). Let k(a) = a + 1. Determine k(h).
-3
Let z(y) be the first derivative of -y**3/3 - y**2/2 - 5*y - 9. Let p be (-2 + 24/9)*9. Suppose p*d = 7*d. Calculate z(d).
-5
Let v(x) = -9*x + 1. Suppose 0 = -3*s + 9, -4*b - 5*s + 25 - 6 = 0. Calculate v(b).
-8
Suppose 0 = -4*l + 23 + 29. Let t = l - 9. Suppose 8 = -t*g - 0. Let n(b) = -2*b**2 - 3*b - 3. Calculate n(g).
-5
Let t(r) = -r**3 + 2*r**2 - 6*r - 5. Let u(g) = g**3 - 3*g**2 + 5*g + 3. Let q(o) = 2*t(o) + 3*u(o). What is q(4)?
-5
Suppose 25*y + 6 = 28*y, 10 = 2*j - y. Let w(o) be the first derivative of o**4/4 - 7*o**3/3 + 2*o**2 + 5*o + 3. Calculate w(j).
-7
Suppose 3*a + 2 = 2*t - 13, 4*a = -4. Let h(i) = 6 + i - t - 2. Calculate h(-5).
-7
Let m(y) = 2*y - 3*y + 36 - 48. Give m(9).
-21
Let g(l) = 5*l**2 - 10*l + 10. Let x(u) = 10*u - 3*u - 7 - 3*u**2 + 0*u. Let o(w) = 5*g(w) + 8*x(w). Let f(k) = -164*k - 662. Let n be f(-4). What is o(n)?
-6
Suppose 0 = m - 4*c - 0 - 1, 4*c = -4*m + 24. Let k(z) = -77*z - 7*z**2 + 8*z**2 + 5 +